[INFO] cloning repository https://github.com/archer884/apology-segmenter
[INFO] running `Command { std: "git" "-c" "credential.helper=" "-c" "credential.helper=/workspace/cargo-home/bin/git-credential-null" "clone" "--bare" "https://github.com/archer884/apology-segmenter" "/workspace/cache/git-repos/https%3A%2F%2Fgithub.com%2Farcher884%2Fapology-segmenter", kill_on_drop: false }`
[INFO] [stderr] Cloning into bare repository '/workspace/cache/git-repos/https%3A%2F%2Fgithub.com%2Farcher884%2Fapology-segmenter'...
[INFO] running `Command { std: "git" "rev-parse" "HEAD", kill_on_drop: false }`
[INFO] [stdout] 4b00ab4fb983d289560a6c79363799733bc3c00f
[INFO] checking archer884/apology-segmenter against try#72f88fc4e9458f89516a0b8b0868f3718aec5b47 for pr-74989
[INFO] running `Command { std: "git" "clone" "/workspace/cache/git-repos/https%3A%2F%2Fgithub.com%2Farcher884%2Fapology-segmenter" "/workspace/builds/worker-0/source", kill_on_drop: false }`
[INFO] [stderr] Cloning into '/workspace/builds/worker-0/source'...
[INFO] [stderr] done.
[INFO] validating manifest of git repo https://github.com/archer884/apology-segmenter on toolchain 72f88fc4e9458f89516a0b8b0868f3718aec5b47
[INFO] running `Command { std: "/workspace/cargo-home/bin/cargo" "+72f88fc4e9458f89516a0b8b0868f3718aec5b47" "read-manifest" "--manifest-path" "Cargo.toml", kill_on_drop: false }`
[INFO] started tweaking git repo https://github.com/archer884/apology-segmenter
[INFO] finished tweaking git repo https://github.com/archer884/apology-segmenter
[INFO] tweaked toml for git repo https://github.com/archer884/apology-segmenter written to /workspace/builds/worker-0/source/Cargo.toml
[INFO] crate git repo https://github.com/archer884/apology-segmenter already has a lockfile, it will not be regenerated
[INFO] running `Command { std: "/workspace/cargo-home/bin/cargo" "+72f88fc4e9458f89516a0b8b0868f3718aec5b47" "fetch" "--locked" "--manifest-path" "Cargo.toml", kill_on_drop: false }`
[INFO] [stderr] error: the lock file /workspace/builds/worker-0/source/Cargo.lock needs to be updated but --locked was passed to prevent this
[INFO] [stderr] If you want to try to generate the lock file without accessing the network, use the --offline flag.
[INFO] the lockfile is outdated, regenerating it
[INFO] running `Command { std: "/workspace/cargo-home/bin/cargo" "+72f88fc4e9458f89516a0b8b0868f3718aec5b47" "generate-lockfile" "--manifest-path" "Cargo.toml" "-Zno-index-update", kill_on_drop: false }`
[INFO] running `Command { std: "/workspace/cargo-home/bin/cargo" "+72f88fc4e9458f89516a0b8b0868f3718aec5b47" "fetch" "--locked" "--manifest-path" "Cargo.toml", kill_on_drop: false }`
[INFO] running `Command { std: "docker" "create" "-v" "/var/lib/crater-agent-workspace/builds/worker-0/target:/opt/rustwide/target:rw,Z" "-v" "/var/lib/crater-agent-workspace/builds/worker-0/source:/opt/rustwide/workdir:ro,Z" "-v" "/var/lib/crater-agent-workspace/cargo-home:/opt/rustwide/cargo-home:ro,Z" "-v" "/var/lib/crater-agent-workspace/rustup-home:/opt/rustwide/rustup-home:ro,Z" "-e" "SOURCE_DIR=/opt/rustwide/workdir" "-e" "CARGO_TARGET_DIR=/opt/rustwide/target" "-e" "CARGO_HOME=/opt/rustwide/cargo-home" "-e" "RUSTUP_HOME=/opt/rustwide/rustup-home" "-w" "/opt/rustwide/workdir" "-m" "1610612736" "--user" "0:0" "--network" "none" "rustops/crates-build-env@sha256:d92eaeed33fa75130ca1ee6c8a01d1ffb62bac859dfdfb3450e3e5d1c0146529" "/opt/rustwide/cargo-home/bin/cargo" "+72f88fc4e9458f89516a0b8b0868f3718aec5b47" "metadata" "--no-deps" "--format-version=1", kill_on_drop: false }`
[INFO] [stdout] 7a1b80b46b004f10bb4a0487c8f5da3bc7d7a1895edd33f8ee6e4c19d60c93aa
[INFO] [stderr] WARNING: Your kernel does not support swap limit capabilities or the cgroup is not mounted. Memory limited without swap.
[INFO] running `Command { std: "docker" "start" "-a" "7a1b80b46b004f10bb4a0487c8f5da3bc7d7a1895edd33f8ee6e4c19d60c93aa", kill_on_drop: false }`
[INFO] running `Command { std: "docker" "inspect" "7a1b80b46b004f10bb4a0487c8f5da3bc7d7a1895edd33f8ee6e4c19d60c93aa", kill_on_drop: false }`
[INFO] running `Command { std: "docker" "rm" "-f" "7a1b80b46b004f10bb4a0487c8f5da3bc7d7a1895edd33f8ee6e4c19d60c93aa", kill_on_drop: false }`
[INFO] [stdout] 7a1b80b46b004f10bb4a0487c8f5da3bc7d7a1895edd33f8ee6e4c19d60c93aa
[INFO] running `Command { std: "docker" "create" "-v" "/var/lib/crater-agent-workspace/builds/worker-0/target:/opt/rustwide/target:rw,Z" "-v" "/var/lib/crater-agent-workspace/builds/worker-0/source:/opt/rustwide/workdir:ro,Z" "-v" "/var/lib/crater-agent-workspace/cargo-home:/opt/rustwide/cargo-home:ro,Z" "-v" "/var/lib/crater-agent-workspace/rustup-home:/opt/rustwide/rustup-home:ro,Z" "-e" "SOURCE_DIR=/opt/rustwide/workdir" "-e" "CARGO_TARGET_DIR=/opt/rustwide/target" "-e" "CARGO_INCREMENTAL=0" "-e" "RUST_BACKTRACE=full" "-e" "RUSTFLAGS=--cap-lints=forbid" "-e" "CARGO_HOME=/opt/rustwide/cargo-home" "-e" "RUSTUP_HOME=/opt/rustwide/rustup-home" "-w" "/opt/rustwide/workdir" "-m" "1610612736" "--user" "0:0" "--network" "none" "rustops/crates-build-env@sha256:d92eaeed33fa75130ca1ee6c8a01d1ffb62bac859dfdfb3450e3e5d1c0146529" "/opt/rustwide/cargo-home/bin/cargo" "+72f88fc4e9458f89516a0b8b0868f3718aec5b47" "check" "--frozen" "--all" "--all-targets" "--message-format=json", kill_on_drop: false }`
[INFO] [stdout] 6f57ef7aca8c4450adae9a6d60bc6657d291e72e3f2b06fde6af80805fe08493
[INFO] [stderr] WARNING: Your kernel does not support swap limit capabilities or the cgroup is not mounted. Memory limited without swap.
[INFO] running `Command { std: "docker" "start" "-a" "6f57ef7aca8c4450adae9a6d60bc6657d291e72e3f2b06fde6af80805fe08493", kill_on_drop: false }`
[INFO] [stderr]     Blocking waiting for file lock on package cache
[INFO] [stderr]    Compiling memchr v2.3.3
[INFO] [stderr]    Compiling byteorder v1.3.4
[INFO] [stderr]    Compiling serde v1.0.116
[INFO] [stderr]    Compiling ryu v1.0.5
[INFO] [stderr]     Checking lazy_static v1.4.0
[INFO] [stderr]     Checking itoa v0.4.6
[INFO] [stderr]     Checking rustc-serialize v0.3.24
[INFO] [stderr]     Checking csv-core v0.1.10
[INFO] [stderr]     Checking regex-automata v0.1.9
[INFO] [stderr]     Checking bstr v0.2.13
[INFO] [stderr]     Checking csv v1.1.3
[INFO] [stderr]     Checking apology-segmenter v0.1.0 (/opt/rustwide/workdir)
[INFO] [stdout] warning: use of deprecated macro `try`: use the `?` operator instead
[INFO] [stdout]   --> src/record.rs:32:17
[INFO] [stdout]    |
[INFO] [stdout] 32 |             id: try!(decoder.read_str()).trim().to_owned(),
[INFO] [stdout]    |                 ^^^
[INFO] [stdout]    |
[INFO] [stdout]    = note: `#[warn(deprecated)]` on by default
[INFO] [stdout] 
[INFO] [stdout] 
[INFO] [stdout] warning: use of deprecated macro `try`: use the `?` operator instead
[INFO] [stdout]   --> src/record.rs:33:20
[INFO] [stdout]    |
[INFO] [stdout] 33 |             email: try!(decoder.read_str()).trim().to_owned(),
[INFO] [stdout]    |                    ^^^
[INFO] [stdout] 
[INFO] [stdout] 
[INFO] [stdout] warning: use of deprecated macro `try`: use the `?` operator instead
[INFO] [stdout]   --> src/record.rs:34:25
[INFO] [stdout]    |
[INFO] [stdout] 34 |             first_name: try!(decoder.read_str()).trim().to_owned(),
[INFO] [stdout]    |                         ^^^
[INFO] [stdout] 
[INFO] [stdout] 
[INFO] [stdout] warning: use of deprecated macro `try`: use the `?` operator instead
[INFO] [stdout]   --> src/record.rs:35:24
[INFO] [stdout]    |
[INFO] [stdout] 35 |             last_name: try!(decoder.read_str()).trim().to_owned(),
[INFO] [stdout]    |                        ^^^
[INFO] [stdout] 
[INFO] [stdout] 
[INFO] [stdout] warning: use of deprecated macro `try`: use the `?` operator instead
[INFO] [stdout]   --> src/record.rs:36:23
[INFO] [stdout]    |
[INFO] [stdout] 36 |             address1: try!(decoder.read_str()).trim().to_owned(),
[INFO] [stdout]    |                       ^^^
[INFO] [stdout] 
[INFO] [stdout] 
[INFO] [stdout] warning: use of deprecated macro `try`: use the `?` operator instead
[INFO] [stdout]   --> src/record.rs:38:19
[INFO] [stdout]    |
[INFO] [stdout] 38 |             city: try!(decoder.read_str()).trim().to_owned(),
[INFO] [stdout]    |                   ^^^
[INFO] [stdout] 
[INFO] [stdout] 
[INFO] [stdout] warning: use of deprecated macro `try`: use the `?` operator instead
[INFO] [stdout]   --> src/record.rs:39:21
[INFO] [stdout]    |
[INFO] [stdout] 39 |             region: try!(decoder.read_str()).trim().to_owned(),
[INFO] [stdout]    |                     ^^^
[INFO] [stdout] 
[INFO] [stdout] 
[INFO] [stdout] warning: use of deprecated macro `try`: use the `?` operator instead
[INFO] [stdout]   --> src/record.rs:40:44
[INFO] [stdout]    |
[INFO] [stdout] 40 |             postal_code: clean_postal_code(try!(decoder.read_str()).trim()),
[INFO] [stdout]    |                                            ^^^
[INFO] [stdout] 
[INFO] [stdout] 
[INFO] [stdout] warning: use of deprecated macro `try`: use the `?` operator instead
[INFO] [stdout]   --> src/record.rs:41:51
[INFO] [stdout]    |
[INFO] [stdout] 41 |             country: translate(&format!("{:0>4}", try!(decoder.read_str()))),
[INFO] [stdout]    |                                                   ^^^
[INFO] [stdout] 
[INFO] [stdout] 
[INFO] [stdout] warning: use of deprecated macro `try`: use the `?` operator instead
[INFO] [stdout]   --> src/record.rs:42:39
[INFO] [stdout]    |
[INFO] [stdout] 42 |             phone: clean_phone_number(try!(decoder.read_str())),
[INFO] [stdout]    |                                       ^^^
[INFO] [stdout] 
[INFO] [stdout] 
[INFO] [stdout] warning: use of deprecated macro `try`: use the `?` operator instead
[INFO] [stdout]   --> src/main.rs:34:26
[INFO] [stdout]    |
[INFO] [stdout] 34 |         let mut writer = try!(csv::Writer::from_file(&path));
[INFO] [stdout]    |                          ^^^
[INFO] [stdout] 
[INFO] [stdout] 
[INFO] [stdout] warning: use of deprecated macro `try`: use the `?` operator instead
[INFO] [stdout]   --> src/main.rs:37:13
[INFO] [stdout]    |
[INFO] [stdout] 37 |             try!(writer.encode(record));
[INFO] [stdout]    |             ^^^
[INFO] [stdout] 
[INFO] [stdout] 
[INFO] [stdout] warning: use of deprecated macro `try`: use the `?` operator instead
[INFO] [stdout]   --> src/record.rs:32:17
[INFO] [stdout]    |
[INFO] [stdout] 32 |             id: try!(decoder.read_str()).trim().to_owned(),
[INFO] [stdout]    |                 ^^^
[INFO] [stdout]    |
[INFO] [stdout]    = note: `#[warn(deprecated)]` on by default
[INFO] [stdout] 
[INFO] [stdout] 
[INFO] [stdout] warning: use of deprecated macro `try`: use the `?` operator instead
[INFO] [stdout]   --> src/record.rs:33:20
[INFO] [stdout]    |
[INFO] [stdout] 33 |             email: try!(decoder.read_str()).trim().to_owned(),
[INFO] [stdout]    |                    ^^^
[INFO] [stdout] 
[INFO] [stdout] 
[INFO] [stdout] warning: use of deprecated macro `try`: use the `?` operator instead
[INFO] [stdout]   --> src/record.rs:34:25
[INFO] [stdout]    |
[INFO] [stdout] 34 |             first_name: try!(decoder.read_str()).trim().to_owned(),
[INFO] [stdout]    |                         ^^^
[INFO] [stdout] 
[INFO] [stdout] 
[INFO] [stdout] warning: use of deprecated macro `try`: use the `?` operator instead
[INFO] [stdout]   --> src/record.rs:35:24
[INFO] [stdout]    |
[INFO] [stdout] 35 |             last_name: try!(decoder.read_str()).trim().to_owned(),
[INFO] [stdout]    |                        ^^^
[INFO] [stdout] 
[INFO] [stdout] 
[INFO] [stdout] warning: use of deprecated macro `try`: use the `?` operator instead
[INFO] [stdout]   --> src/record.rs:36:23
[INFO] [stdout]    |
[INFO] [stdout] 36 |             address1: try!(decoder.read_str()).trim().to_owned(),
[INFO] [stdout]    |                       ^^^
[INFO] [stdout] 
[INFO] [stdout] 
[INFO] [stdout] warning: use of deprecated macro `try`: use the `?` operator instead
[INFO] [stdout]   --> src/record.rs:38:19
[INFO] [stdout]    |
[INFO] [stdout] 38 |             city: try!(decoder.read_str()).trim().to_owned(),
[INFO] [stdout]    |                   ^^^
[INFO] [stdout] 
[INFO] [stdout] 
[INFO] [stdout] warning: use of deprecated macro `try`: use the `?` operator instead
[INFO] [stdout]   --> src/record.rs:39:21
[INFO] [stdout]    |
[INFO] [stdout] 39 |             region: try!(decoder.read_str()).trim().to_owned(),
[INFO] [stdout]    |                     ^^^
[INFO] [stdout] 
[INFO] [stdout] 
[INFO] [stdout] warning: use of deprecated macro `try`: use the `?` operator instead
[INFO] [stdout]   --> src/record.rs:40:44
[INFO] [stdout]    |
[INFO] [stdout] 40 |             postal_code: clean_postal_code(try!(decoder.read_str()).trim()),
[INFO] [stdout]    |                                            ^^^
[INFO] [stdout] 
[INFO] [stdout] 
[INFO] [stdout] warning: use of deprecated macro `try`: use the `?` operator instead
[INFO] [stdout]   --> src/record.rs:41:51
[INFO] [stdout]    |
[INFO] [stdout] 41 |             country: translate(&format!("{:0>4}", try!(decoder.read_str()))),
[INFO] [stdout]    |                                                   ^^^
[INFO] [stdout] 
[INFO] [stdout] 
[INFO] [stdout] warning: use of deprecated macro `try`: use the `?` operator instead
[INFO] [stdout]   --> src/record.rs:42:39
[INFO] [stdout]    |
[INFO] [stdout] 42 |             phone: clean_phone_number(try!(decoder.read_str())),
[INFO] [stdout]    |                                       ^^^
[INFO] [stdout] 
[INFO] [stdout] 
[INFO] [stdout] warning: use of deprecated macro `try`: use the `?` operator instead
[INFO] [stdout]   --> src/main.rs:34:26
[INFO] [stdout]    |
[INFO] [stdout] 34 |         let mut writer = try!(csv::Writer::from_file(&path));
[INFO] [stdout]    |                          ^^^
[INFO] [stdout] 
[INFO] [stdout] 
[INFO] [stdout] warning: use of deprecated macro `try`: use the `?` operator instead
[INFO] [stdout]   --> src/main.rs:37:13
[INFO] [stdout]    |
[INFO] [stdout] 37 |             try!(writer.encode(record));
[INFO] [stdout]    |             ^^^
[INFO] [stdout] 
[INFO] [stdout] 
[INFO] [stdout] error[E0599]: no function or associated item named `from_file` found for struct `Writer<_>` in the current scope
[INFO] [stdout]   --> src/main.rs:34:44
[INFO] [stdout]    |
[INFO] [stdout] 34 |         let mut writer = try!(csv::Writer::from_file(&path));
[INFO] [stdout]    |                                            ^^^^^^^^^ function or associated item not found in `Writer<_>`
[INFO] [stdout] 
[INFO] [stdout] 
[INFO] [stdout] error[E0599]: no function or associated item named `from_file` found for struct `Reader<_>` in the current scope
[INFO] [stdout]   --> src/main.rs:45:35
[INFO] [stdout]    |
[INFO] [stdout] 45 |     let mut reader = csv::Reader::from_file(&path).unwrap();
[INFO] [stdout]    |                                   ^^^^^^^^^ function or associated item not found in `Reader<_>`
[INFO] [stdout] 
[INFO] [stdout] 
[INFO] [stdout] error: aborting due to 2 previous errors; 12 warnings emitted
[INFO] [stdout] 
[INFO] [stdout] 
[INFO] [stdout] For more information about this error, try `rustc --explain E0599`.
[INFO] [stdout] 
[INFO] [stderr] error: could not compile `apology-segmenter`.
[INFO] [stderr] 
[INFO] [stderr] To learn more, run the command again with --verbose.
[INFO] [stderr] warning: build failed, waiting for other jobs to finish...
[INFO] [stdout] error[E0599]: no function or associated item named `from_file` found for struct `Writer<_>` in the current scope
[INFO] [stdout]   --> src/main.rs:34:44
[INFO] [stdout]    |
[INFO] [stdout] 34 |         let mut writer = try!(csv::Writer::from_file(&path));
[INFO] [stdout]    |                                            ^^^^^^^^^ function or associated item not found in `Writer<_>`
[INFO] [stdout] 
[INFO] [stdout] 
[INFO] [stdout] error[E0599]: no function or associated item named `from_file` found for struct `Reader<_>` in the current scope
[INFO] [stdout]   --> src/main.rs:45:35
[INFO] [stdout]    |
[INFO] [stdout] 45 |     let mut reader = csv::Reader::from_file(&path).unwrap();
[INFO] [stdout]    |                                   ^^^^^^^^^ function or associated item not found in `Reader<_>`
[INFO] [stdout] 
[INFO] [stdout] 
[INFO] [stdout] error: aborting due to 2 previous errors; 12 warnings emitted
[INFO] [stdout] 
[INFO] [stdout] 
[INFO] [stdout] For more information about this error, try `rustc --explain E0599`.
[INFO] [stdout] 
[INFO] [stderr] error: build failed
[INFO] running `Command { std: "docker" "inspect" "6f57ef7aca8c4450adae9a6d60bc6657d291e72e3f2b06fde6af80805fe08493", kill_on_drop: false }`
[INFO] running `Command { std: "docker" "rm" "-f" "6f57ef7aca8c4450adae9a6d60bc6657d291e72e3f2b06fde6af80805fe08493", kill_on_drop: false }`
[INFO] [stdout] 6f57ef7aca8c4450adae9a6d60bc6657d291e72e3f2b06fde6af80805fe08493
